se
Let q be (-6)/((-1)/(-2)*4). Let o be q/9 - (-21)/9. Suppose -o*n + j = -172, 5*j + 425 = 4*n + n. Is n a composite number?
True
Let g(x) = 2*x - 4. Suppose 5 = -a - 6. Let h be g(a). Let f = h - -52. Is f a prime number?
False
Let i(a) = 36*a - 1. Suppose -4*r - q + 5 + 4 = 0, 0 = 5*q + 15. Suppose r = 3*b - 3. Is i(b) a prime number?
True
Let t = 1563 - 1042. Is t a prime number?
True
Let r be (-2 + 4)/(-2)*-2. Suppose 2*y - 60 = -r*g + 12, -3*y = -4*g + 151. Is g prime?
True
Suppose 6 = 2*g, b - g = 3*g - 12. Let n = b + 9. Is n a prime number?
False
Is 7305/25 + (-12)/(-15) composite?
False
Suppose 2*b + b = 6, 2*b = h + 8. Let z be (-2)/4*3*h. Suppose -16 - z = -j. Is j a prime number?
False
Let p = -84 - -195. Is p a prime number?
False
Suppose -1 = 2*f + 3. Let q(z) = -40*z - 1. Is q(f) composite?
False
Suppose q - 2*q + 460 = 4*o, 4*q + 2*o = 1882. Is (q/(-6))/(8/(-12)) a prime number?
False
Suppose -5*k + 7714 = 9*k. Is k composite?
True
Let o(c) = 3*c**2 + c + 4*c**2 - 3 - 4*c**2. Is o(4) a prime number?
False
Suppose -3*d - j - 474 = 0, -4*d - 5*j + 277 = 909. Let g = -13 - d. Is g a composite number?
True
Let q(i) = i + 3. Let k be q(-6). Let l be (k + 5)*(2 - 0). Let j(z) = 3*z**3 - 4*z**2 + 4*z + 5. Is j(l) composite?
False
Let n = -5 + 8. Let o be 0 + (1 - n/3). Suppose o = 3*a - 5*a + 30. Is a prime?
False
Let f = 2 - 1. Let z be 3 - (0 + (f - 0)). Suppose -5*l + 45 = 5*c, z*c = 4*l - 0*c - 48. Is l prime?
True
Suppose f + 3*v = -0*v + 115, 5*f + 3*v = 539. Let i be 2/(110/f - 1). Suppose -4*h + i = -151. Is h composite?
True
Let w(m) = -5*m + 10. Suppose 12 + 0 = 4*t. Let k(q) = -4*q + 11. Let u(d) = t*k(d) - 4*w(d). Is u(8) prime?
False
Let b be 0 - -2 - 8/1. Is ((-196)/b)/((-6)/(-9)) a prime number?
False
Let x = 56 - 34. Let q = x + 13. Is q composite?
True
Suppose -4*r = -3*x - 195, -r = x + 37 + 35. Is (-6 - -8)*x/(-2) prime?
False
Let v(o) = 10*o + 3. Let u be v(9). Let f = 170 - u. Is f composite?
True
Let m(h) = 119*h**2 + 3. Is m(2) prime?
True
Let k = 1118 + -747. Is k prime?
False
Let a = -88 + 419. Is a a prime number?
True
Let h = 22 - 15. Is h a composite number?
False
Suppose 0*i - 5*p = 5*i - 1865, 4*p + 1865 = 5*i. Is (-3)/(-3 - 0)*i a prime number?
True
Suppose 21*b + 708 = 25*b. Is b a composite number?
True
Suppose -b + 11 = 4*u, 0 = 2*u + 4*b + 2 - 4. Suppose u*f = 41 + 16. Is f composite?
False
Suppose -2*q + 248 = -3*p - 0*p, p = 2. Is q composite?
False
Let i(m) = -m**2 - 2*m**2 - 2 + 4*m**2 - m. Let x be i(3). Suppose -6*p - 96 = -x*w - 2*p, 5*w + 5*p = 100. Is w a composite number?
True
Suppose -5*a + 5*r = -70, 3*a - 5*r = a + 25. Suppose 0 = 5*n - 0 + a. Let t(h) = h**2 - h + 2. Is t(n) a prime number?
False
Suppose 5*w - 761 - 164 = 0. Is w prime?
False
Suppose -198 = -5*f - 538. Is f/(-6)*84/8 a composite number?
True
Let r be (-6)/(-3) + 0/(-1). Suppose 0 = r*q - 4*p - 406, 796 = 6*q - 2*q - 4*p. Suppose -m - 2*m + q = 0. Is m a composite number?
True
Let t(o) = o**3 - 7*o**2 + 4*o - 7. Is t(7) composite?
True
Let x(r) = 2*r - 8. Let h be x(6). Suppose 5*y - h*z = 83, -y = -2*y + 5*z + 4. Is y composite?
False
Suppose 4*b - 73 = -5*z, z + 21 = 3*b - 10. Is 1/(-4) - (-3159)/b composite?
False
Let t(u) = -u**3 + 8*u**2 + 10*u - 10. Let l be t(9). Is -239*l*(3 + -2) a prime number?
True
Let x = 791 + 970. Is x a composite number?
True
Suppose 2*r - 366 = 4*m, -r + 3*m = -2*m - 171. Is r a prime number?
True
Let t = 11952 + -2713. Is t a prime number?
True
Let n(w) = 11*w + 1. Let u be n(1). Let g(p) = 13 - 8*p - 8 - u + p**2. Is g(10) a prime number?
True
Suppose 3*m = -5*d - 4 + 29, -4*m + 42 = -2*d. Is m composite?
True
Suppose 5*b - 2*r = -14 - 18, 3*b + 44 = -5*r. Let g(c) be the third derivative of -c**6/120 - c**5/10 + 5*c**4/12 + 5*c**3/6 - 4*c**2. Is g(b) prime?
True
Let q(m) be the second derivative of m**8/6720 - m**7/360 - m**6/720 + m**5/12 - m**4/6 - 2*m. Let a(z) be the third derivative of q(z). Is a(7) prime?
True
Let c(y) = 2*y - 4. Let l be c(4). Let d = -30 + 106. Suppose -5*j - 2*z + d = 0, 3*j - l*z - 20 - 10 = 0. Is j prime?
False
Suppose 6*c - 3*c - 15 = 0. Let o(j) = -j**3 + 6*j**2 - 3*j - 5. Let u be o(c). Suppose -u*g + 5 = 0, 0*h - 5*g + 16 = h. Is h a prime number?
True
Let v(y) = -1126*y + 13. Is v(-1) a composite number?
True
Let t = 1043 + -599. Suppose t = 2*y + 2*y. Is y a prime number?
False
Is (20517/6)/(-7)*-2 a prime number?
True
Let b(g) = g**2 - 14*g + 10 + g**3 - 12*g**2 + 1 - 6. Is b(14) a prime number?
True
Let z(x) = x**3 + 11*x**2 - 3*x - 5. Is z(-8) a prime number?
True
Let g(j) = 5*j**2 - j - 5. Let b(f) = 9*f**2 - f - 9. Let p(c) = 3*b(c) - 5*g(c). Let r be p(-2). Suppose 2*v + 4*z = 34, -v = r*v + 3*z - 48. Is v prime?
False
Suppose -6 = g + 91. Is g/1*(-13 + 12) prime?
True
Let b(g) = -2*g - 2. Let u(m) = -3*m**2 - 4*m - 2. Let j be u(-2). Let w be b(j). Suppose -f - 3*o + w = 0, o - 22 = -4*f - 2*o. Is f a composite number?
True
Let w = 59 - -99. Is -2 + -1 + w + 2 a prime number?
True
Let y(v) = v**3 + v**2. Let c be y(1). Suppose c*d + 3 = 5*t, d - 12 = 4*t + 3*d. Is -1*(2*t + -47) a composite number?
True
Suppose -4*h = -8*h + 320. Let t = 47 + h. Is t a prime number?
True
Is 662/3*(-9)/(-6) prime?
True
Suppose 3*p - j = 1 + 6, -4 = -3*p - 2*j. Is 1*p + 439 + -2 composite?
False
Suppose 2*h = -3*b - 0*b + 16, 6 = -5*h + 4*b. Suppose -h = 4*j - 14. Suppose j*r - 57 = 2*r. Is r a composite number?
True
Suppose -4*k + 2 = 3*o, -4*k + 7 = o + 1. Let a = 352 + -206. Suppose 6 = -k*w, 0 = 5*n - 4*w - a - 51. Is n a prime number?
True
Let m(n) = 46*n**2 - 10*n + 9. Is m(-7) a prime number?
True
Let z(t) = -5*t**2 + 6*t + 11. Let d(k) = k**2 - 1. Let i(n) = 6*d(n) + z(n). Let a be i(-6). Suppose -2*o - 169 = -a*w, -3*w - o + 56 = -41. Is w prime?
False
Let n = 389 + -555. Is (-1)/((-330)/n - 2) prime?
True
Is -2 + -4 + 5 - (-1 - 839) prime?
True
Let k(s) = 63*s**2 + 2*s + 2. Let l be k(6). Suppose l = 4*q - 502. Suppose q = 5*o - 539. Is o composite?
True
Let y(o) = 4*o - 1. Let i(g) = -g**3 - 5*g**2 + 3. Let p be i(-5). Is y(p) a prime number?
True
Let o be 5 - (12/3)/(-2). Let y(w) = -w**2 + 16*w - 4. Is y(o) composite?
False
Let a(d) = 40*d + 17. Is a(6) prime?
True
Suppose 74 + 188 = 2*q. Is q a composite number?
False
Suppose p - 4*q = 4175, -14 = -4*q + 6. Is p a prime number?
False
Is (4/8)/(3/54) prime?
False
Let o = 0 + 0. Suppose 4*i - 16 - 8 = o. Let u(w) = -w**3 + 8*w**2 - 9*w + 5. Is u(i) a composite number?
False
Let w = -9 + 5. Is (-6 - w - 0) + 265 a prime number?
True
Suppose -9*f = -10*f + 1043. Is f composite?
True
Let a(t) be the second derivative of t**6/720 + t**5/40 - t**4/6 - t. Let y(o) be the third derivative of a(o). Is y(6) a prime number?
False
Suppose -6*v = -9*v + 3483. Let o = v + -752. Is o a composite number?
False
Let p be ((-3)/(-3))/(-1) + 80. Let f = -46 + p. Is f composite?
True
Suppose -2*m = -m - 190. Suppose -x - r = 3*x - 389, -2*r = 2*x - m. Let c = x + -63. Is c composite?
True
Suppose -4*l + 2*l = 6. Let h(g) = -11*g**3 + 3*g**2 - 2*g + 1. Let s be h(l). Suppose s = 5*n - 0*a - 2*a, -2*a + 138 = 2*n. Is n composite?
False
Let w = 84 + -44. Suppose g - 6 = -5, -3*g + w = u. Is u prime?
True
Suppose 2*n = -2*i + 1166, -2*n + 61 + 518 = i. Is i a composite number?
False
Suppose -13*s + 10*s + 561 = 0. Is s composite?
True
Suppose -60 = 4*j - 2*u - 1850, -4*j - u = -1799. Is j a composite number?
False
Let s(k) = 307*k**2 + k + 1. Is s(-1) a prime number?
True
Let n(l) = l**2 - l. Let s be n(3). Suppose -s*o + 7*o - 321 = 0. Is o a composite number?
True
Suppose -17700 = -7*o + 3811. Is o a prime number?
False
Suppose -v - 1 = 2*l, 2*l - 3 = -1. Is (2230/(-15))/(2/v) a prime number?
True
Suppose 4*v - 1100 = 3*d, 2*v - 536 = -d - d. Suppose -157 = -2*k + h + 31, 3*k = -h + v. Let q = k + -55. Is q composite?
False
Let c(p) = p**2 - 215. Let a(w) = -5 + 3 + 1. Let u(x) = 4*a(x) - c(x). Is u(0) composite?
False
Suppose -1 = -i + 3. Suppose 37 = -3*h + i*h. Is h a composite number?
False
Let m(f) = 7*f + 4. Is m(10) prime?
False
Let i = -6 + 6. Suppose a - 91 + 14 = i. Is a a prime number?
False
Let p be 0 - 4/(8/(-10)). Suppose p*g = 311 + 119. Is g a prime number?
False
Is 1 + 1 + (208 - 1) + 2 prime?
True
L